(-5).
2, 53
List the prime factors of (-932 + 0)/(180/(-945)).
3, 7, 233
Let h = -110 + 110. What are the prime factors of h + (-494)/(-1) + 1?
3, 5, 11
What are the prime factors of 8/6 - (-412)/(-309) - -56482?
2, 31, 911
Let c = -259 - -58. Let d = 118 - c. List the prime factors of d.
11, 29
Let i(v) = 20*v - 69. Let d(l) = 40*l - 138. Let m(n) = -3*d(n) + 7*i(n). Let c be m(17). List the prime factors of (1/1 - 0)/(1/c).
271
Let x be -4 - (5 + (-1565 - 5)). Suppose -s = -4*z - 762 - 25, -2*s + x = 5*z. What are the prime factors of s?
3, 29
Suppose 5*z - 116 = 4*s + 161, -2*z = s + 66. Let f = 304 + s. Suppose -4*o + 0*o = -f. List the prime factors of o.
59
Let x(l) be the second derivative of 26*l**3/3 - 5*l**2 + 2*l. Suppose -15 = -4*m - 2*w + 3, 3*m = 4*w - 14. List the prime factors of x(m).
2, 47
Let r be 27/(-15*(-6)/120). Suppose 0 = n - r*n + 14070. What are the prime factors of n?
2, 3, 67
Suppose 5*f = -3*v + 4, -f + 9 = -4*f + 2*v. Let h be 14 + (0 + 2)*f. Suppose -h*a = -15*a + 162. List the prime factors of a.
2, 3
Suppose -37105 = -5*q - 5*g, 4*q - 124*g = -129*g + 29683. What are the prime factors of q?
2, 3, 1237
Suppose -2*v + 446 + 292 = 0. What are the prime factors of 1/(4 + v/(-186) + -2)?
2, 31
Let a be ((-50)/4 - 0)*48/(-40). List the prime factors of 1470/5 + -2*a/6.
17
Let y(u) = -15*u**3 + 10*u**2 + 57*u. Let h(s) = -5*s**3 + 4*s**2 + 19*s. Let p(j) = -8*h(j) + 3*y(j). What are the prime factors of p(-5)?
2, 3, 5
Let v(a) = 4*a + 1. Let i(o) = 86*o + 23. Let w(k) = -2*i(k) + 22*v(k). What are the prime factors of w(-15)?
2, 3, 103
Let v(p) = -p**2 + 66. Let f be v(-8). Let u(y) = -2 - 1 + 0 + 44*y. List the prime factors of u(f).
5, 17
Suppose 0*f - 3*f - 5*c - 590 = 0, f = 4*c - 174. Let t = f - -438. List the prime factors of t.
2, 31
Suppose 1051*x = 1057*x - 6. List the prime factors of x/(-2) + (-2491)/4*-2.
3, 5, 83
Suppose -53*l + 1539200 = -16*l + 37*l. List the prime factors of l.
2, 5, 13
List the prime factors of -1 + (-339392)/(-100) + 42/525.
3, 13, 29
Let t be (1 - 1 - 0)/(-3 + 1). Let d be 8/8 + 2 + (-13 - t). List the prime factors of (-1010)/(-6) - (-1)/(7 + d).
2, 3, 7
Let g(s) = -3*s**3 - 5*s**2 - 2*s + 4. Let b be g(-3). Suppose 16164 - 2561 = 61*n. Let t = n - b. What are the prime factors of t?
3, 59
Suppose -19*v = -24*v + 15. Suppose -2*m + v*z + 635 = 0, 5*m - 1351 - 214 = 3*z. What are the prime factors of m?
2, 5, 31
Let a = 84947 + -59024. List the prime factors of a.
3, 8641
Let q(c) = 57*c**2 + 2446*c - 49. What are the prime factors of q(-55)?
2, 127, 149
Let u(f) = -73*f**3 + 32*f**2 + 11*f - 4. List the prime factors of u(-5).
2, 4933
Let j(l) = l**3 - 8*l**2 - l + 21. Let m be j(8). Suppose 11 = 8*q - m. Let u(k) = 5*k**3 - 2*k**2 - 7*k + 1. What are the prime factors of u(q)?
97
Suppose -2*u + 3*b = -4, 3*u - 17 = 8*b - 9*b. Suppose 481 = c + u*y, -2*c - 4*y + 464 + 522 = 0. List the prime factors of c.
3, 167
Suppose 2*w = -2 + 4, 5*f = -5*w + 15. Suppose f*a - 852 = -340. List the prime factors of a.
2
Let t = 57552 - 24436. List the prime factors of t.
2, 17, 487
Suppose -2*a + 4*m + 39598 = 0, 57*m = 55*m + 2. List the prime factors of a.
19801
Suppose -2*x = 19 + 151. Let f = 74 - x. List the prime factors of f.
3, 53
Let l = 55957 - 37131. List the prime factors of l.
2, 9413
Suppose 57 = -q - 1. Let p be ((-2)/(-4))/((-14)/5068) - -2. Let k = q - p. What are the prime factors of k?
11
Let b(r) = -3431*r + 453. List the prime factors of b(-10).
34763
Suppose r - 6*r = 3*r. Suppose 6*s - 3706 - 2510 = r. List the prime factors of s.
2, 7, 37
Let i(m) = m**3 - m**2 - 22*m - 18. Let u be i(-11). Let t = u + 1761. What are the prime factors of t?
13, 41
What are the prime factors of (49930 - 682/22)*-2*(-2)/6?
2, 16633
Let n = 502 - 114. Suppose -n + 3585 = 23*z. What are the prime factors of z?
139
Let i(m) = -1385*m**3 - 31*m**2 - 64*m - 9. List the prime factors of i(-2).
5, 443
Let q(x) = -4*x**3 + x. Let s be q(1). Let u be (4 - 262)/s - 3. Let p = u + 86. List the prime factors of p.
13
Let u(x) = 2*x**3 - 3*x**2 - 72*x + 56. What are the prime factors of u(25)?
27631
Let x = 145 - 170. What are the prime factors of (-85)/x*58 + 12/15?
2, 3, 11
Suppose 0 = -3*c - u + 109, u - 12 - 171 = -5*c. Suppose c*d - 2734 = 744. What are the prime factors of d?
2, 47
Let x = 857 + -857. Suppose x = -10*v - 3799 + 10639. List the prime factors of v.
2, 3, 19
List the prime factors of (-12)/(-12)*9016/1.
2, 7, 23
Let o = -25716 + 37731. What are the prime factors of o?
3, 5, 89
Let x be 10 + 461 + (-1)/1. Let q = -287 + x. What are the prime factors of q?
3, 61
Suppose j + 52546 = 2*u, -3*u + 78817 = -59*j + 57*j. List the prime factors of u.
5, 1051
Let i(d) = -17*d + 2. Let j be i(-4). Let q = -68 + j. Let o = 19 - q. What are the prime factors of o?
17
Let q be ((-102)/(-9))/((-16)/(-168)). Let u(y) = 57 + 55 + 3*y - q. What are the prime factors of u(22)?
59
Let f = 90965 - 22215. What are the prime factors of f?
2, 5, 11
Suppose 0 = 256*k - 8099622 - 5774554. List the prime factors of k.
2, 17, 797
Let z be (66/(-18) + 4)/(2/(-30)). Let j(u) = -4*u - 17. Let q be j(z). List the prime factors of 5 - 9 - 3/(q/(-188)).
2, 23
Let p = 4935 - 4555. What are the prime factors of p?
2, 5, 19
Suppose n + 4 = 2*n. Suppose 12*q - 5*k - 6603 = 0, 3*q - 6*k = -3*k + 1656. Suppose 4*l + 0*p = -5*p + q, n*l - 3*p = 573. What are the prime factors of l?
3, 47
Suppose 27*g - 24*g - 4*l = 45302, 0 = -g - 2*l + 15104. List the prime factors of g.
2, 3, 839
Let j(l) = l**2 - 3*l - 4. Let t be j(4). Let c be (-2590)/(-25) + 2/5. Suppose 0 = -2*y - o + 49, -5*y + o + 15 + c = t. What are the prime factors of y?
2, 3
Let t(w) = 10*w + 28. Let g = -291 + 297. List the prime factors of t(g).
2, 11
Let o = 4370 - -277. List the prime factors of o.
3, 1549
Let j(d) = 329*d**2 - 55*d + 442. List the prime factors of j(-9).
2, 13, 1061
Let o = -96 + 386. List the prime factors of -2 + 0 - (-16 - o).
2, 19
Let q(o) = o**2 - 7*o - 55. Let y be q(13). Let i(p) = p**3 - 23*p**2 + 19*p - 55. What are the prime factors of i(y)?
2, 191
Let t(l) = -l**3 + 35*l**2 - 68*l + 74. Let f be t(33). List the prime factors of 636 + f*9/(-18).
2, 79
What are the prime factors of (0 - 18)/(44/(-12254))?
3, 557
Let b be -1 + 0 + (3 - 2) + 2. Suppose -b*v = 2*s, 0 = 3*s + v - 4*v - 30. Suppose -s*m = 2*y - 177, -36 = y + 4*m - 132. List the prime factors of y.
2, 19
Let t = -488 + 1858. Suppose 4*m = -18 + t. List the prime factors of m.
2, 13
Let o(y) = y**3 + 7*y**2 + 9*y - 7. Let w be o(-5). List the prime factors of (-5 - w)/((-18)/2148).
2, 179
Let a be 84/(38/20 + 4/(-10)). Suppose -63*i + a*i + 3472 = 0. List the prime factors of i.
2, 31
Let s(j) = 16*j - 65. Let h be s(5). Let m(i) = 3*i**2 - 25*i + 30. What are the prime factors of m(h)?
2, 3, 5, 11
Let c(d) = -3*d**3 - 12*d**2 - 3*d - 6. Let i be c(-4). Suppose -i*y - 2678 = -8564. What are the prime factors of y?
3, 109
Let z = -29423 - -44606. What are the prime factors of z?
3, 7, 241
List the prime factors of (-5)/(-45) - 790422/(-27).
5, 1171
Suppose 32*a = -7*a + 292423 + 69380. What are the prime factors of a?
9277
List the prime factors of (((-3)/(-4))/(456/608))/((-1)/(-3312)).
2, 3, 23
List the prime factors of -6*(-252)/(-1080) - (-108782)/5.
5, 19, 229
Let k be ((-3)/(90/24))/((-4)/60). List the prime factors of 9/((-54)/(-8503)) + (-2)/k.
13, 109
Suppose -4*l - 200*d + 202*d + 6614 = 0, 0 = -5*l - d + 8236. What are the prime factors of l?
17, 97
Suppose -49*u = -47*u + 16. Let l(b) = -76*b - 77. List the prime factors of l(u).
3, 59
Let y = -70 + 70. Let r(f) = 2*f + 1. Let g be r(2). Suppose y = g*t - 9*t + 260. What are the prime factors of t?
5, 13
Suppose 3*o + 4*r - 99992 = 24897, 5*o = 3*r + 208187. What are the prime factors of o?
5, 11, 757
Let x(g) = -5*g + 32. Let a be x(5). Suppose -a*j = -14*j + 14. List the prime factors of 4/2*j - -38.
2, 3, 7
Suppose -j + 196 = -1130. What are the prime factors of j?
2, 3, 13, 17
Suppose 21*i + 4*v + 10886 = 22*i, v - 21817 = -2*i. List the prime factors of i.
2, 7, 19, 41
Let u = -357 - -505. Let s = 15 + u. List the prime factors of s.
163
Let y(n) = -71*n - 88. Let c be y(-12). Let v = c - 446. W